ve of -1/2*r**3 + 0 - 23*r**2 + 0*r - 1/24*r**6 + 1/30*r**5 + 1/12*r**4. Determine a(2).
-31
Let m(x) = -x**2 + 6*x - 2. Let p be m(5). Suppose 0 = -2*i, -p*a + 0*i + 2*i = 0. Let k(w) = -w. Determine k(a).
0
Let m(n) = -n**2 - 6*n + 15. Let l be (5 - 6)/5 + (-170)/25. Calculate m(l).
8
Let g be ((-4)/20 - -1)*10. Let y(v) = -v**3 + v - 1. Let n(m) = 8*m**2 - m - 6. Let q(d) = -n(d) - y(d). What is q(g)?
7
Let l = 655 + -655. Let n(z) = z**2 + 2*z - 12. Give n(l).
-12
Suppose -4*i = -3*f - 1 + 12, -5 = -3*f + i. Let k(r) = -f + 4 - 2 - r. Let v be (-120)/(-150)*(-15)/(-2). Calculate k(v).
-5
Let i(g) be the first derivative of g**2/2 - 3*g + 384. What is i(4)?
1
Let m(q) = q**2 - 9*q + 12. Suppose k = -3*k + 5*g + 49, 0 = k + g - 1. Calculate m(k).
-6
Let i(k) = -k + 10. Let d(g) = -g. Let h(q) = -4*d(q) + i(q). Give h(-4).
-2
Let w(d) = 11*d**3 - d**2 + 8*d - 1. Let n(o) = -5*o**3 + o**2 - 4*o + 1. Let u(l) = 9*n(l) + 4*w(l). Suppose -20 = -2*z - 2*z. What is u(z)?
-15
Let z(m) = m**3 - 4*m**2 - 5*m - 3. Let k(t) = 11*t + 16. Let a be k(-1). Give z(a).
-3
Let u(h) = h**2 + 9*h + 3. Suppose 0 = -149*q + 146*q - 30. Calculate u(q).
13
Let u(y) be the third derivative of -y**7/2520 + y**6/144 + y**5/120 - 5*y**4/24 - 12*y**2. Let w(i) be the second derivative of u(i). What is w(5)?
1
Let l(b) = -22*b + 7. Let k(d) = 33*d - 11. Let h(v) = 5*k(v) + 8*l(v). Suppose 80 = -24*m + 8 + 24. Determine h(m).
23
Suppose -f = -3*o + 70, 132 = 2*f - 4*f + 4*o. Let d = f - -61. Let s(r) = -3*r - 3. Calculate s(d).
-12
Let m = 45 + -48. Let v(w) = -w**2 - 1. Let o(b) = -4*b**2 + 5*b - 1. Let x(i) = m*v(i) + o(i). What is x(4)?
6
Let t(q) = 5*q + 12. Let x(l) = 22*l + 58. Let h(d) = -14*t(d) + 3*x(d). Give h(2).
-2
Let f(k) = k**2 - 5*k - 32. Let l be f(-4). Let g(q) = 7 - l*q + 3*q - q**2 - 22. Determine g(0).
-15
Suppose 12*n - 16 = 4*n. Suppose 3*v = -n*u + u - 18, -5*v = -u + 30. Let p(s) be the first derivative of s**3/3 + 4*s**2 + 7*s + 1. Give p(v).
-5
Let w(h) = h**3 + 2*h**2 - 14*h - 10. Let n be w(-5). Let y(g) = -g**3 - 16*g**2 - 16*g - 18. Give y(n).
-3
Let m(k) = 221*k - 661*k + 222*k + k**2 + 12 + 226*k. Give m(-8).
12
Suppose 13 + 3 = 2*y. Let u = -5 + y. Let n(r) = r**3 - 3*r**2 - r + 4. Calculate n(u).
1
Suppose 4*d = 2*d + 2*u, 5*d + 2*u - 14 = 0. Let y(x) = 3*x**3 + 2*x**2 + 2*x - 1. What is y(d)?
35
Let w(b) = -b**2 - 16*b + 28. Let f be w(-18). Let j(p) = -p**2 + p. Let d(c) = -c**3 - 10*c**2 + 2*c - 4. Let h(t) = -d(t) + 2*j(t). Calculate h(f).
4
Let b be -3 - (-6 + -1) - 4. Let j be (b - (-7 - -4)) + 0. Suppose -j*h + 12 = 3*s, 3*s + h - 12 = -4*h. Let x(k) = k**3 - 3*k**2 - 4*k + 5. Give x(s).
5
Let b(i) be the third derivative of 11*i**4/24 - 2*i**2 - 1. Give b(1).
11
Let y(o) = 2 - 4 - 4*o**3 + 15*o**3 + 1 + o**2. Let f(d) = d + 6. Let i be f(-8). Let l(h) = h**3 + 2*h**2 + 2*h + 3. Let s be l(i). Determine y(s).
-11
Let v(a) = 5*a**2 + 21*a + 13. Let z(j) = -142 + 148 + 2*j**2 + 10*j + 0*j**2. Let r(c) = -3*v(c) + 7*z(c). Determine r(7).
3
Let t(c) = -c**2 + 41*c + 18. Let a be t(17). Let n(z) = -1 + 2 - a*z - z**2 + 427*z + 25*z**3. Give n(-1).
-26
Let n(h) = -2*h**2 - 8*h**2 + h + 18*h**2 + 3 - 4*h**2 - 4. Let u(k) = k**3 - 3*k**2 + 1. Let g be u(3). Calculate n(g).
4
Let h(r) = -4*r - 5. Let n(s) = 12*s**3 - 1. Let d be n(1). Suppose -12 = 15*w - d*w. Let p(a) = 9*a + 11. Let j(u) = w*p(u) - 7*h(u). Determine j(7).
9
Suppose -2*a = 2*h + 4, -8*a + 11*a - 5*h - 34 = 0. Let s(v) = -2*v**3 + 3*v**2 + 4*v - 3. Give s(a).
-18
Let m be 38/20 - (-1)/10. Let s(u) = 45*u**3 - 3 + u**2 + 4*u**m - 44*u**3 - 7*u. Give s(-6).
3
Let j = -4 - -6. Let h(i) = 3 - 4 - 4*i**2 + 3*i**j + 5*i**2. Suppose 0*g + 2*l + 9 = -g, 11 = 5*g - 4*l. Determine h(g).
3
Let g be (32/(-6))/((-32)/96). Let k(f) = -f**2 + 17*f - 15. Calculate k(g).
1
Let t(q) = 3*q**3 + 3 + 3 - 13*q - 4*q**3 + 6*q - 11*q**2. Determine t(-10).
-24
Let k(s) = -s**3 + 6*s**2 + s + 4. Let i(p) = -p**3 + 17*p**2 - 51*p - 7. Let w be i(13). Calculate k(w).
10
Let r(i) be the first derivative of -i**4/4 - 8*i**3/3 + 6*i + 75. Determine r(-8).
6
Let j be (0 - 0) + 2 + 1. Let r(v) = -2 + 55*v - 133*v + 82*v. Calculate r(j).
10
Let c(o) = o + 5. Let r be c(-8). Let n be 6/(-2) + (r - -6). Let a(l) = 6*l**3 + n*l**3 + 0*l**2 - 5*l**2 - 5*l**3 + 4*l. Determine a(3).
-6
Let a(n) = -n**2 + 6. Let o be a(-3). Let p(q) = 11*q - 5. Let s(y) = 10*y - 4. Let k(j) = o*p(j) + 4*s(j). Calculate k(-1).
-8
Let j(u) = u - 4. Let x be j(5). Let h(d) = d. Let f(o) = 4*o**2 - 4*o - 1. Let c(s) = f(s) + 4*h(s). Give c(x).
3
Let q(o) be the third derivative of o**4/6 + o**3/2 - 186*o**2. Give q(6).
27
Let t(x) = 7*x**2 + 17*x + 18. Let w be t(-1). Let m(o) = -o**2 + 10*o - 13. Determine m(w).
3
Let r(w) = 7*w**3 + w + 1. Let c(f) = -43*f**3 - 5*f**2 - 3*f - 5. Let d(x) = c(x) + 6*r(x). Determine d(-5).
-14
Let h(m) = -22*m**3 + 1. Let k be h(-1). Let l(f) = -12*f - 3*f**3 - 14*f - f**2 + k*f + 4*f**2. What is l(2)?
-18
Let i(n) = 3*n - 230 + 222 + n - 4*n - n. Calculate i(-13).
5
Let o(t) be the second derivative of -t**5/20 - 11*t**4/12 - 5*t**3/3 - 5*t**2 - 4*t. What is o(-10)?
-10
Let w(h) = h**2 + 5*h - 5. Suppose -3*n + 7 + 2 = 0. Suppose n*b + 15 = -2*a, -2*b + 2*a - 19 = 1. Give w(b).
9
Let c(u) = 5*u + 14*u + 0*u - 7 - 7*u. Determine c(5).
53
Let m(h) = h**2. Let s be m(1). Let j be (0 + -4 + 19)*s/3. Let i(b) = -3*b + 5. Determine i(j).
-10
Let j(h) = -8*h**2 - 1. Let a(z) = z - 6. Let o be a(4). Let x be (3 - 0)/((-3)/o). Suppose -3*i + 5 = 2*t - 2*i, -x*t + 4*i - 10 = 0. Calculate j(t).
-9
Let w be (3 + -2 + -1)/(-3). Suppose 0 = 2*r - 2*d - w - 8, -d - 8 = -2*r. Suppose v = -2 + r. Let o(u) = -u**3 + 3*u - 2. What is o(v)?
-4
Suppose -71*r + 19*r = 156. Let l(t) be the first derivative of -t**2/2 - 9. Determine l(r).
3
Let i(b) = 17*b**3 + 8*b**2 + 6*b + 16. Let a(u) = -12*u**3 - 6*u**2 - 4*u - 11. Let f(v) = -7*a(v) - 5*i(v). Give f(-2).
17
Let j(n) = -n**2 - n. Let o = -24 + 29. Let u(t) = -14*t - t**3 - t**2 + 9*t**2 + 23*t - o. Let w(f) = -4*j(f) - u(f). Determine w(5).
5
Let h(v) = -v**2 - 5*v - 1. Let d be h(-4). Let l(o) = -o**2 + 16 - 2*o - 2*o + d*o. Let c(x) = 59*x - 2301. Let j be c(39). Give l(j).
16
Let u(i) = -i**3 + 3*i**2 + 6*i - 2. Suppose 6 - 26 = -4*v. Let z be 6/2 - (-6 + v). Calculate u(z).
6
Let j be -9*1*54/(-162). Let b(u) = -u**3 + 3*u**2 - 4*u + 7. Determine b(j).
-5
Let z(r) be the first derivative of 3*r**2 + 29*r + 548. What is z(-6)?
-7
Let f(v) be the first derivative of v**4/4 - 13*v**3/3 + 11*v**2/2 + 8*v + 37. Give f(12).
-4
Let k(v) = v**3 + 0*v - 31 - 20 + 71 + 7*v**2 + 2*v - 24. Determine k(-7).
-18
Let t be (-20)/(-9) - 2/9. Let p(o) = -t + 1 - 7*o + 2 + o**2. Let u be (-14 - -2)*3*9/(-54). Calculate p(u).
-5
Let j(z) = 8*z - 49473*z**3 - 5 + 49474*z**3 + 2 + 9*z**2. What is j(-6)?
57
Let u be 1412/14 + (26/(-14) - -2). Let j = u + -106. Let m(r) = -2*r - 4. Determine m(j).
6
Let o(l) = -5*l**2 - 3*l + 5. Let w(u) = 9*u**2 + 4*u - 9. Let y(c) = 11*o(c) + 6*w(c). What is y(-8)?
9
Let o = -27 + 28. Suppose 2 = 4*x - 3*z, -5*x + 2*z + o = -5. Let c(l) = l**3 - 2*l + 3. Give c(x).
7
Let m(x) = x**3 + 6*x**2 + 3*x - 7. Let t be m(-5). Let b(u) = 20*u - 126. Let h(p) = 6*p - 36. Let d(l) = -2*b(l) + 7*h(l). What is d(t)?
6
Let y(t) = -3*t - 2. Let k be y(1). Let z = -2 - k. Let j(n) = 26 - 33 + n**z + 7*n**2 + 0*n**3 + 5*n. What is j(-6)?
-1
Let m(u) = -u - 8. Let y be m(-2). Let i(k) = 5*k**2 + 14*k + 12. Let l(c) = -4*c**2 - 13*c - 12. Let f(x) = y*l(x) - 5*i(x). Calculate f(9).
3
Let k(l) = 4*l + 1. Let p(d) = 22*d - 6. Let m(j) = 6*k(j) - p(j). Determine m(0).
12
Let v(h) = h**3 + 4*h**2 - 7*h - 7. Let c(y) be the third derivative of -y**4/12 - 11*y**3/2 - 15*y**2. Let r be c(-14). Calculate v(r).
3
Let s(c) = -4*c**2 + 11*c + 9. Let v(k) = -7*k**2 + 11*k + 10. Let u(a) = 3*s(a) - 2*v(a). Determine u(-7).
28
Let g(k) = -k**3 - 2*k**2 + 5*k. Let y(b) = 30*b**2 - 18*b**2 - 14*b - 17 - 13*b**2 + 0. Let s be y(-13). What is g(s)?
12
Suppose 13*y - 14 = 15*y. Let x = 15 + y. Let b(h) = -39*h**2 + 4*h + 38*h**2 - x*h**3 - h - 2*h. Give b(1).
-8
Let r be (-2)/(-5) + ((-253)/(-55))/1. Let p(n) = 7*n - 28. Give p(r).
7
Let h(u) be the third derivative of u**4/24 + 19*u**